-- https://www.phpmyadmin.net/
--
-- Hôte : 127.0.0.1
-- Généré le :  ven. 22 fév. 2019 à 04:20
-- Version du serveur :  10.1.30-MariaDB
-- Version de PHP :  7.2.1

START TRANSACTION;



--
-- Base de données :  `messagerie`
--
CREATE DATABASE IF NOT EXISTS `messagerie` DEFAULT CHARACTER SET utf8 COLLATE utf8_general_ci;
USE `messagerie`;

-- --------------------------------------------------------

--
-- Structure de la table `connection`
--

CREATE TABLE `connection` (
  `id` int(11) NOT NULL,
  `idUser` int(11) NOT NULL,
  `dateCo` datetime NOT NULL,
  `url` varchar(255) NOT NULL
) ENGINE=InnoDB DEFAULT CHARSET=utf8;

--
-- Déchargement des données de la table `connection`
--

INSERT INTO `connection` (`id`, `idUser`, `dateCo`, `url`) VALUES
(3, 1, '2018-06-04 02:52:12', 'groupes/2'),
(7, 1, '2018-06-04 04:25:13', 'organizations/display/2'),
(8, 1, '2018-06-05 17:00:23', 'organizations/display/2'),
(27, 102, '2018-06-06 20:03:24', 'organizations/display/4'),
(30, 102, '2018-06-06 21:01:51', 'organizations/display/4'),
(31, 102, '2018-06-07 00:47:55', 'groupes'),
(41, 102, '2018-06-10 14:22:16', 'groupes'),
(43, 102, '2018-06-12 01:56:10', 'organizations/display/4'),
(44, 102, '2018-06-12 11:19:15', 'organizations/display/4'),
(45, 102, '2018-06-12 16:23:08', 'connections'),
(46, 102, '2018-06-14 23:34:05', 'Groupes'),
(47, 102, '2018-06-14 23:36:52', 'organizations/display/4'),
(48, 102, '2018-06-15 00:55:58', 'Organizations'),
(49, 102, '2018-06-15 01:05:20', 'connections'),
(50, 102, '2018-06-17 02:57:36', 'connections'),
(51, 102, '2018-06-23 02:47:09', 'connections'),
(52, 1, '2018-06-23 03:24:29', 'organizations/display/2'),
(53, 8, '2019-01-02 12:20:00', 'aucune/');

-- --------------------------------------------------------

--
-- Structure de la table `groupe`
--

CREATE TABLE `groupe` (
  `id` int(11) NOT NULL,
  `name` varchar(65) DEFAULT NULL,
  `email` varchar(255) DEFAULT NULL,
  `aliases` mediumtext,
  `idOrganization` int(11) NOT NULL
) ENGINE=InnoDB DEFAULT CHARSET=utf8;

--
-- Déchargement des données de la table `groupe`
--

INSERT INTO `groupe` (`id`, `name`, `email`, `aliases`, `idOrganization`) VALUES
(1, 'Personnels', 'personnels', 'all;', 1),
(2, 'Auditeurs', 'autiteurs', 'etu;stagiaires;', 1),
(3, 'Personnels', 'liste.personnels', NULL, 2),
(4, 'Etudiants', 'liste.etudiants', 'liste.etu;', 2),
(5, 'Enseignants', 'liste.enseignants', 'liste.ens;', 2),
(6, 'Vacataires', 'liste.vacataires', 'liste.vac;', 2);

-- --------------------------------------------------------

--
-- Structure de la table `groupeusers`
--

CREATE TABLE `groupeusers` (
  `idGroupe` int(11) NOT NULL,
  `idUser` int(11) NOT NULL
) ENGINE=InnoDB DEFAULT CHARSET=utf8;

--
-- Déchargement des données de la table `groupeusers`
--

INSERT INTO `groupeusers` (`idGroupe`, `idUser`) VALUES
(1, 5),
(1, 14),
(1, 15),
(1, 20),
(1, 37),
(1, 40),
(1, 48),
(1, 66),
(1, 69),
(1, 71),
(1, 96),
(2, 1),
(2, 8),
(2, 15),
(2, 34),
(2, 45),
(2, 72),
(2, 75),
(2, 84),
(2, 88),
(2, 89),
(2, 98),
(3, 15),
(3, 19),
(3, 20),
(3, 29),
(3, 45),
(3, 46),
(3, 60),
(3, 62),
(3, 77),
(3, 84),
(3, 89),
(3, 93),
(4, 11),
(4, 17),
(4, 50),
(4, 54),
(4, 57),
(4, 74),
(4, 86),
(4, 88),
(5, 22),
(5, 25),
(5, 34),
(5, 49),
(5, 81),
(5, 83),
(5, 94),
(6, 10),
(6, 11),
(6, 12),
(6, 46),
(6, 47),
(6, 53),
(6, 68),
(6, 74),
(6, 84);

-- --------------------------------------------------------

--
-- Structure de la table `organization`
--

CREATE TABLE `organization` (
  `id` int(11) NOT NULL,
  `name` varchar(100) NOT NULL,
  `domain` varchar(255) NOT NULL,
  `aliases` text
) ENGINE=InnoDB DEFAULT CHARSET=utf8;

--
-- Déchargement des données de la table `organization`
--

INSERT INTO `organization` (`id`, `name`, `domain`, `aliases`) VALUES
(1, 'Conservatoire National des Arts et Métiers', 'lecnam.net', 'cnam-basse-normandie.fr;cnam.fr'),
(2, 'Université de Caen-Normandie', 'unicaen.fr', NULL),
(3, 'IUT Campus III', 'iutc3.unicaen.fr', 'unicaen.fr'),
(4, 'IUT Lisieux', 'iut.lisieux.unicaen.fr', 'unicaen.fr');

-- --------------------------------------------------------

--
-- Structure de la table `organizationsettings`
--

CREATE TABLE `organizationsettings` (
  `idSettings` int(11) NOT NULL,
  `idOrganization` int(11) NOT NULL,
  `value` varchar(100) DEFAULT NULL
) ENGINE=InnoDB DEFAULT CHARSET=utf8;

--
-- Déchargement des données de la table `organizationsettings`
--

INSERT INTO `organizationsettings` (`idSettings`, `idOrganization`, `value`) VALUES
(1, 1, '{{firstname}}{{lastname}}'),
(1, 2, '{{firstname}}.{{lastname}}'),
(2, 4, 'no value');

-- --------------------------------------------------------

--
-- Structure de la table `settings`
--

CREATE TABLE `settings` (
  `id` int(11) NOT NULL,
  `name` varchar(45) DEFAULT NULL
) ENGINE=InnoDB DEFAULT CHARSET=utf8;

--
-- Déchargement des données de la table `settings`
--

INSERT INTO `settings` (`id`, `name`) VALUES
(6, 'bop'),
(1, 'emailMask'),
(2, 'test'),
(5, 'truc2');

--
-- Index pour les tables déchargées
--

--
-- Index pour la table `connection`
--
ALTER TABLE `connection`
  ADD PRIMARY KEY (`id`),
  ADD KEY `user_co_fk` (`idUser`);

--
-- Index pour la table `groupe`
--
ALTER TABLE `groupe`
  ADD PRIMARY KEY (`id`),
  ADD UNIQUE KEY `name_orga_UNIQUE` (`name`,`idOrganization`) USING BTREE,
  ADD UNIQUE KEY `email_orga_UNIQUE` (`email`,`idOrganization`) USING BTREE,
  ADD KEY `fk_groupe_organization1_idx` (`idOrganization`);

--
-- Index pour la table `groupeusers`
--
ALTER TABLE `groupeusers`
  ADD PRIMARY KEY (`idGroupe`,`idUser`),
  ADD KEY `fk_groupe_has_user_user1_idx` (`idUser`),
  ADD KEY `fk_groupe_has_user_groupe_idx` (`idGroupe`);

--
-- Index pour la table `organization`
--
ALTER TABLE `organization`
  ADD PRIMARY KEY (`id`),
  ADD UNIQUE KEY `name_UNIQUE` (`name`),
  ADD UNIQUE KEY `domain_UNIQUE` (`domain`);

--
-- Index pour la table `organizationsettings`
--
ALTER TABLE `organizationsettings`
  ADD PRIMARY KEY (`idSettings`,`idOrganization`),
  ADD KEY `fk_settings_has_organization_organization1_idx` (`idOrganization`),
  ADD KEY `fk_settings_has_organization_settings1_idx` (`idSettings`);

--
-- Index pour la table `settings`
--
ALTER TABLE `settings`
  ADD PRIMARY KEY (`id`),
  ADD UNIQUE KEY `name_UNIQUE` (`name`);

--
-- AUTO_INCREMENT pour les tables déchargées
--

--
-- AUTO_INCREMENT pour la table `connection`
--
ALTER TABLE `connection`
  MODIFY `id` int(11) NOT NULL AUTO_INCREMENT, AUTO_INCREMENT=54;

--
-- AUTO_INCREMENT pour la table `groupe`
--
ALTER TABLE `groupe`
  MODIFY `id` int(11) NOT NULL AUTO_INCREMENT, AUTO_INCREMENT=21;

--
-- AUTO_INCREMENT pour la table `organization`
--
ALTER TABLE `organization`
  MODIFY `id` int(11) NOT NULL AUTO_INCREMENT, AUTO_INCREMENT=5;

--
-- AUTO_INCREMENT pour la table `settings`
--
ALTER TABLE `settings`
  MODIFY `id` int(11) NOT NULL AUTO_INCREMENT, AUTO_INCREMENT=7;

--
-- Contraintes pour les tables déchargées
--

--
-- Contraintes pour la table `connection`
--
ALTER TABLE `connection`
  ADD CONSTRAINT `connection_ibfk_1` FOREIGN KEY (`idUser`) REFERENCES `user` (`id`);

--
-- Contraintes pour la table `groupe`
--
ALTER TABLE `groupe`
  ADD CONSTRAINT `fk_groupe_organization1` FOREIGN KEY (`idOrganization`) REFERENCES `organization` (`id`) ON DELETE NO ACTION ON UPDATE NO ACTION;

--
-- Contraintes pour la table `groupeusers`
--
ALTER TABLE `groupeusers`
  ADD CONSTRAINT `fk_groupe_has_user_groupe` FOREIGN KEY (`idGroupe`) REFERENCES `groupe` (`id`) ON DELETE NO ACTION ON UPDATE NO ACTION,
  ADD CONSTRAINT `fk_groupe_has_user_user1` FOREIGN KEY (`idUser`) REFERENCES `user` (`id`) ON DELETE NO ACTION ON UPDATE NO ACTION;

--
-- Contraintes pour la table `organizationsettings`
--
ALTER TABLE `organizationsettings`
  ADD CONSTRAINT `fk_settings_has_organization_organization1` FOREIGN KEY (`idOrganization`) REFERENCES `organization` (`id`) ON DELETE NO ACTION ON UPDATE NO ACTION,
  ADD CONSTRAINT `fk_settings_has_organization_settings1` FOREIGN KEY (`idSettings`) REFERENCES `settings` (`id`) ON DELETE NO ACTION ON UPDATE NO ACTION;
COMMIT;

